{"id":1362,"date":"2026-04-23T09:59:10","date_gmt":"2026-04-23T09:59:10","guid":{"rendered":"https:\/\/power-glint.com\/?page_id=1362"},"modified":"2026-04-23T09:59:10","modified_gmt":"2026-04-23T09:59:10","slug":"contatti","status":"publish","type":"page","link":"https:\/\/power-glint.com\/?page_id=1362","title":{"rendered":"Contatti"},"content":{"rendered":"<p>Questo sito \u00e8 di propriet\u00e0 di Power Glint SRLs. Ci impegniamo a fornire informazioni aggiornate e utili ai nostri utenti.<\/p>\n<p>Nome della societ\u00e0: Power Glint SRLs<br \/>\nIndirizzo legale: Vico Trinit\u00e0 Alla Cesarea, 22, 80136 Napoli NA, Italia<br \/>\nEmail: <a href=\"mailto:info@power-glint.com\">info@power-glint.com<\/a><br \/>\nTelefono: <a href=\"tel:+393338706271\">+393338706271<\/a><br \/>\nAmministratore delegato: Aquilino Smeriglio<br \/>\nNumero di registrazione: 1608035261<br \/>\nNome dell&#8217;autorit\u00e0 di registrazione: Studio legale Vitrano<br \/>\nIndirizzo dell&#8217;autorit\u00e0 di registrazione: Via Matteo Renato Imbriani, 118, 80136 Napoli NA, Italia<\/p>\n<p><b>Responsabilit\u00e0 dei contenuti:<\/b><br \/>\nNon siamo responsabili del contenuto dei link a siti web di terzi che possono essere disponibili sul nostro sito. Ogni responsabilit\u00e0 per il contenuto di tali link ricade sui rispettivi proprietari. Non siamo responsabili di eventuali danni, diretti o indiretti, derivanti dall&#8217;uso delle informazioni fornite sul nostro sito.<\/p>\n<p><b>Copyright:<\/b><br \/>\nTutto il materiale presente sul nostro sito web, compresi testi, immagini, grafica, design e software, \u00e8 protetto da copyright. Ne \u00e8 vietato l&#8217;uso o la distribuzione senza l&#8217;autorizzazione del titolare del copyright.<\/p>\n<p><b>Informazioni di contatto:<\/b><br \/>\nIn caso di domande o commenti relativi al nostro sito web o alla nostra azienda, si prega di contattarci utilizzando le informazioni di contatto elencate sopra.<\/p>\n<p><b>Informativa sulla privacy:<\/b><br \/>\nRispettiamo la vostra privacy e proteggiamo le vostre informazioni personali. Per ulteriori informazioni, consultare la nostra politica sulla privacy.<\/p>\n","protected":false},"excerpt":{"rendered":"<p>Questo sito \u00e8 di propriet\u00e0 di Power Glint SRLs. Ci impegniamo a fornire informazioni aggiornate e utili ai nostri utenti. Nome della societ\u00e0: Power Glint SRLs Indirizzo legale: Vico Trinit\u00e0&hellip;<\/p>\n","protected":false},"author":1,"featured_media":0,"parent":0,"menu_order":0,"comment_status":"closed","ping_status":"closed","template":"","meta":{"footnotes":""},"class_list":["post-1362","page","type-page","status-publish","hentry"],"_links":{"self":[{"href":"https:\/\/power-glint.com\/index.php?rest_route=\/wp\/v2\/pages\/1362","targetHints":{"allow":["GET"]}}],"collection":[{"href":"https:\/\/power-glint.com\/index.php?rest_route=\/wp\/v2\/pages"}],"about":[{"href":"https:\/\/power-glint.com\/index.php?rest_route=\/wp\/v2\/types\/page"}],"author":[{"embeddable":true,"href":"https:\/\/power-glint.com\/index.php?rest_route=\/wp\/v2\/users\/1"}],"replies":[{"embeddable":true,"href":"https:\/\/power-glint.com\/index.php?rest_route=%2Fwp%2Fv2%2Fcomments&post=1362"}],"version-history":[{"count":1,"href":"https:\/\/power-glint.com\/index.php?rest_route=\/wp\/v2\/pages\/1362\/revisions"}],"predecessor-version":[{"id":1363,"href":"https:\/\/power-glint.com\/index.php?rest_route=\/wp\/v2\/pages\/1362\/revisions\/1363"}],"wp:attachment":[{"href":"https:\/\/power-glint.com\/index.php?rest_route=%2Fwp%2Fv2%2Fmedia&parent=1362"}],"curies":[{"name":"wp","href":"https:\/\/api.w.org\/{rel}","templated":true}]}}